006 is divided by 3685?
3421
Calculate the remainder when 8593111 is divided by 45.
1
Calculate the remainder when 8314053 is divided by 34.
33
What is the remainder when 8690847 is divided by 5607?
5604
What is the remainder when 274925 is divided by 121?
13
Calculate the remainder when 1057576 is divided by 2624.
104
What is the remainder when 9259385 is divided by 3514?
3509
What is the remainder when 106608872 is divided by 5?
2
What is the remainder when 71308 is divided by 1512?
244
What is the remainder when 18726 is divided by 957?
543
Calculate the remainder when 174148 is divided by 8287.
121
Calculate the remainder when 813776 is divided by 57971.
2182
Calculate the remainder when 208349 is divided by 5049.
1340
Calculate the remainder when 628094 is divided by 571.
565
What is the remainder when 35230435 is divided by 99?
97
What is the remainder when 4870240 is divided by 263?
6
What is the remainder when 9173537 is divided by 1674?
17
What is the remainder when 243329 is divided by 60815?
69
Calculate the remainder when 15462137 is divided by 581.
565
Calculate the remainder when 1587805 is divided by 7.
2
What is the remainder when 156241691 is divided by 779?
777
What is the remainder when 356926 is divided by 906?
868
Calculate the remainder when 18540013 is divided by 8171.
14
What is the remainder when 1426780 is divided by 1426722?
58
Calculate the remainder when 15928509 is divided by 276.
273
What is the remainder when 1854068 is divided by 2081?
1978
What is the remainder when 8971068 is divided by 7747?
42
What is the remainder when 61756803 is divided by 3533?
3496
Calculate the remainder when 31588434 is divided by 2105894.
24
Calculate the remainder when 2111851 is divided by 15.
1
Calculate the remainder when 951615 is divided by 2636.
19
Calculate the remainder when 2019735035 is divided by 684.
683
Calculate the remainder when 1972517 is divided by 81.
5
Calculate the remainder when 30524269 is divided by 3052425.
19
What is the remainder when 717944 is divided by 119?
17
Calculate the remainder when 17840719 is divided by 648.
631
Calculate the remainder when 189789 is divided by 36242.
8579
What is the remainder when 199834 is divided by 99715?
404
What is the remainder when 96890906 is divided by 81?
2
Calculate the remainder when 255302 is divided by 11550.
1202
What is the remainder when 46979430 is divided by 16624?
6
What is the remainder when 154448107 is divided by 14888?
14883
Calculate the remainder when 6820455 is divided by 6820408.
47
Calculate the remainder when 300283 is divided by 2593.
2088
Calculate the remainder when 19077798 is divided by 100.
98
What is the remainder when 21321 is divided by 8985?
3351
Calculate the remainder when 7474483 is divided by 401.
244
Calculate the remainder when 499850359 is divided by 1186.
1171
What is the remainder when 11121641 is divided by 32?
9
What is the remainder when 3354341 is divided by 523?
342
Calculate the remainder when 5793721 is divided by 10789.
28
What is the remainder when 20450035 is divided by 498?
163
Calculate the remainder when 547003 is divided by 1036.
1031
What is the remainder when 118828 is divided by 118231?
597
Calculate the remainder when 2362220 is divided by 3060.
2960
What is the remainder when 2040698 is divided by 291527?
9
What is the remainder when 2817518 is divided by 575?
18
What is the remainder when 17746004 is divided by 78522?
32
What is the remainder when 5138171 is divided by 3281?
125
What is the remainder when 4631076 is divided by 2315506?
64
What is the remainder when 9181994 is divided by 46609?
21
What is the remainder when 507757 is divided by 2256?
157
What is the remainder when 25656094 is divided by 1184?
1182
Calculate the remainder when 51352 is divided by 16767.
1051
Calculate the remainder when 4074585 is divided by 3123.
2193
Calculate the remainder when 686879 is divided by 290.
159
What is the remainder when 36242 is divided by 927?
89
Calculate the remainder when 124718701 is divided by 111.
100
What is the remainder when 265115 is divided by 88357?
44
What is the remainder when 10138 is divided by 496?
218
What is the remainder when 278469 is divided by 55675?
94
What is the remainder when 126725 is divided by 5416?
2157
What is the remainder when 1373810 is divided by 27?
23
What is the remainder when 121849 is divided by 40601?
46
Calculate the remainder when 76039 is divided by 75754.
285
Calculate the remainder when 14748 is divided by 3673.
56
What is the remainder when 7550071 is divided by 222043?
609
What is the remainder when 165710372 is divided by 997?
996
Calculate the remainder when 2888535 is divided by 721912.
887
Calculate the remainder when 35462028 is divided by 102.
96
Calculate the remainder when 2113440 is divided by 2105.
20
What is the remainder when 434472 is divided by 37?
18
Calculate the remainder when 26077 is divided by 25923.
154
What is the remainder when 236511 is divided by 2511?
477
What is the remainder when 1041837 is divided by 481?
472
Calculate the remainder when 20522666 is divided by 307.
23
What is the remainder when 14984 is divided by 14607?
377
Calculate the remainder when 34882342 is divided by 326.
16
What is the remainder when 645380 is divided by 1756?
928
Calculate the remainder when 537158 is divided by 1094.
4
Calculate the remainder when 479311 is divided by 159768.
7
What is the remainder when 34066 is divided by 11331?
73
Calculate the remainder when 1432149 is divided by 716016.
117
What is the remainder when 83262 is divided by 5437?
1707
What is the remainder when 50035781 is divided by 600?
581
What is the remainder when 1057 is divided by 455?
147
What is the remainder when 651509 is divided by 13?
1
Calculate the remainder when 398141764 is divided by 5.
4
What is the remainder when 224125 is divided by 16325?
11900
What is the remainder when 1952950 is divided by 19336?
14
Calculate the remainder when 7113755 is divided by 524.
455
Calculate the remainder when 12190211 is divided by 3430.
3421
Calculate the remainder when 1364054 is divided by 48708.
230
Calculate the remainder when 456518 is divided by 547.
320
Calculate the remainder when 1468087 is divided by 5583.
5341
What is the remainder when 342313 is divided by 342299?
14
What is the remainder when 29592955 is divided by 35?
0
Calculate the remainder when 315449 is divided by 38400.
8249
Calculate the remainder when 27913376 is divided by 5582669.
31
What is the remainder when 82702 is divided by 13783?
4
What is the remainder when 17155565 is divided by 857776?
45
Calculate the remainder when 303177647 is divided by 43.
41
Calculate the remainder when 78556 is divided by 586.
32
What is the remainder when 60035755 is divided by 328064?
43
Calculate the remainder when 29992 is divided by 7428.
280
What is the remainder when 6427047 is divided by 34554?
3
What is the remainder when 448574 is divided by 34498?
100
What is the remainder when 161742655 is divided by 314?
313
What is the remainder when 6917192 is divided by 3249?
71
Calculate the remainder when 2396957 is divided by 176.
13
Calculate the remainder when 1499308 is divided by 65176.
260
What is the remainder when 2480215 is divided by 620051?
11
Calculate the remainder when 1184419 is divided by 1475.
1469
Calculate the remainder when 209683 is divided by 209680.
3
What is the remainder when 51265356 is divided by 1848?
1836
What is the remainder when 2965215 is divided by 133?
113
Calculate the remainder when 10988 is divided by 1255.
948
What is the remainder when 3942773 is divided by 5609?
5255
Calculate the remainder when 338868 is divided by 139.
125
What is the remainder when 124427 is divided by 519?
386
Calculate the remainder when 5871647 is divided by 978604.
23
Calculate the remainder when 770316 is divided by 10550.
166
Calculate the remainder when 449276785 is divided by 19.
11
What is the remainder when 112499769 is divided by 2234?
2231
What is the remainder when 537179 is divided by 3782?
135
Calculate the remainder when 5912438 is divided by 2517.
5
Calculate the remainder when 160944 is divided by 160874.
70
What is the remainder when 19628 is divided by 1594?
500
Calculate the remainder when 